hat is 100 (base 2) in base 7?
4
1 (base 11) to base 3
1
-35 (base 6) to base 14
-19
Convert -164 (base 12) to base 6.
-1004
-2 (base 11) to base 13
-2
-5 (base 11) to base 13
-5
Convert 3 (base 6) to base 14.
3
What is -4 (base 12) in base 9?
-4
41 (base 6) to base 2
11001
Convert -1 (base 13) to base 4.
-1
Convert -10 (base 5) to base 4.
-11
What is 2 (base 4) in base 10?
2
-101122 (base 3) to base 10
-287
Convert -28 (base 9) to base 10.
-26
What is 121 (base 10) in base 14?
89
What is 5 (base 13) in base 8?
5
370 (base 8) to base 12
188
Convert 0 (base 10) to base 8.
0
Convert -48 (base 11) to base 6.
-124
Convert 3 (base 10) to base 2.
11
-221 (base 3) to base 7
-34
What is 102 (base 5) in base 8?
33
-101 (base 6) to base 14
-29
Convert -5 (base 14) to base 3.
-12
What is -27 (base 15) in base 8?
-45
Convert -11 (base 6) to base 13.
-7
-1a (base 12) to base 15
-17
Convert -440 (base 9) to base 10.
-360
1b (base 16) to base 6
43
What is 11 (base 2) in base 7?
3
What is 5 (base 14) in base 12?
5
Convert -c (base 13) to base 7.
-15
What is -20 (base 7) in base 15?
-e
-216 (base 9) to base 11
-151
Convert -103 (base 8) to base 6.
-151
Convert 16 (base 8) to base 16.
e
Convert 201 (base 4) to base 12.
29
Convert -2 (base 16) to base 10.
-2
What is -23 (base 4) in base 14?
-b
What is 3 (base 7) in base 14?
3
9 (base 11) to base 2
1001
What is 221 (base 6) in base 4?
1111
What is 6 (base 10) in base 9?
6
Convert -10 (base 5) to base 8.
-5
What is 5 (base 6) in base 3?
12
What is 543 (base 6) in base 11?
179
Convert -16 (base 11) to base 2.
-10001
What is 1 (base 5) in base 15?
1
22 (base 12) to base 2
11010
51 (base 8) to base 11
38
Convert 47 (base 16) to base 12.
5b
3 (base 4) to base 12
3
-2 (base 15) to base 3
-2
11 (base 10) to base 15
b
Convert 59 (base 11) to base 9.
71
What is -315 (base 9) in base 3?
-100112
What is -5 (base 11) in base 5?
-10
Convert 5 (base 7) to base 3.
12
Convert 1042 (base 5) to base 4.
2103
What is 13 (base 5) in base 9?
8
Convert b2 (base 14) to base 7.
312
What is 10 (base 4) in base 15?
4
What is -2 (base 11) in base 4?
-2
What is 5 (base 10) in base 13?
5
-254 (base 9) to base 15
-e1
0 (base 8) to base 3
0
What is -7c (base 14) in base 12?
-92
1 (base 12) to base 2
1
What is 111000 (base 2) in base 5?
211
Convert -70 (base 14) to base 7.
-200
What is -30 (base 9) in base 15?
-1c
102 (base 3) to base 6
15
-d6 (base 14) to base 12
-138
Convert -4 (base 7) to base 4.
-10
Convert -5 (base 8) to base 13.
-5
-27 (base 11) to base 13
-23
7 (base 10) to base 12
7
Convert 102 (base 4) to base 12.
16
-101 (base 3) to base 8
-12
Convert 101 (base 8) to base 3.
2102
Convert -2122 (base 4) to base 16.
-9a
What is -2 (base 16) in base 13?
-2
1 (base 8) to base 5
1
Convert -24 (base 6) to base 8.
-20
-2 (base 13) to base 3
-2
Convert 110 (base 4) to base 2.
10100
What is 33 (base 9) in base 16?
1e
What is -9 (base 14) in base 9?
-10
-3 (base 13) to base 12
-3
-1 (base 2) to base 4
-1
Convert 35 (base 15) to base 14.
38
What is 2a (base 11) in base 10?
32
Convert -3 (base 15) to base 7.
-3
207 (base 9) to base 8
251
-5 (base 7) to base 6
-5
What is -1 (base 4) in base 2?
-1
-2 (base 13) to base 10
-2
Convert 2 (base 7) to base 3.
2
Convert 116 (base 13) to base 14.
d6
What is 5 (base 11) in base 15?
5
Convert -1 (base 7) to base 14.
-1
Convert 19 (base 16) to base 10.
25
-10 (base 5) to base 14
-5
What is -3 (base 4) in base 12?
-3
322 (base 9) to base 6
1115
Convert -100 (base 6) to base 10.
-36
Convert -5 (base 14) to base 5.
-10
Convert -6 (base 8) to base 6.
-10
Convert 9 (base 14) to base 11.
9
-2 (base 3) to base 5
-2
-2100 (base 3) to base 5
-223
2022 (base 3) to base 16
3e
-11 (base 4) to base 2
-101
What is -e7 (base 15) in base 9?
-261
Convert -21 (base 3) to base 5.
-12
What is 34 (base 5) in base 7?
25
Convert 1 (base 5) to base 15.
1
What is 54 (base 14) in base 9?
82
Convert -46 (base 8) to base 5.
-123
What is 2 (base 10) in base 11?
2
27 (base 14) to base 8
43
Convert 5 (base 12) to base 6.
5
Convert 1 (base 9) to base 15.
1
28 (base 15) to base 5
123
-10 (base 2) to base 15
-2
Convert 100 (base 2) to base 7.
4
What is -10 (base 12) in base 5?
-22
-8 (base 14) to base 8
-10
Convert 0 (base 5) to base 14.
0
-c2 (base 14) to base 8
-252
Convert -13 (base 4) to base 7.
-10
What is -1110001 (base 2) in base 7?
-221
Convert 16 (base 8) to base 9.
15
What is 3 (base 15) in base 11?
3
Convert -100010100 (base 2) to base 15.
-136
-7 (base 15) to base 4
-13
Convert -1 (base 10) to base 16.
-1
Convert -1 (base 5) to base 3.
-1
-13 (base 11) to base 6
-22
Convert -3 (base 15) to base 8.
-3
Convert 35 (base 6) to base 14.
19
-185 (base 16) to base 5
-3024
What is 3 (base 5) in base 4?
3
What is 4 (base 8) in base 7?
4
-11 (base 6) to base 16
-7
What is -1 (base 12) in base 2?
-1
What is -1 (base 5) in base 15?
-1
-10 (base 16) to base 2
-10000
Convert 7 (base 13) to base 10.
7
What is 3 (base 11) in base 16?
3
What is -55 (base 6) in base 13?
-29
Convert 11 (base 3) to base 12.
4
-31 (base 7) to base 5
-42
What is -3a (base 15) in base 16?
-37
Convert 118 (base 11) to base 16.
8c
Convert 21 (base 12) to base 11.
23
Convert 13 (base 12) to base 6.
23
Convert 101 (base 4) to base 6.
25
What is -14 (base 14) in base 8?
-22
What is -2 (base 10) in base 15?
-2
5 (base 13) to base 3
12
-100 (base 2) to base 14
-4
-12 (base 9) to base 10
-11
12 (base 7) to base 4
21
4 (base 11) to base 15
4
What is -5 (base 13) in base 11?
-5
-10 (base 5) to base 15
-5
Convert -110011001 (base 2) to base 14.
-213
-68 (base 9) to base 3
-2022
Convert -122 (base 5) to base 10.
-37
What is 0 (base 3) in base 15?
0
Convert -10 (base 3) to base 14.
-3
What is 4 (base 13) in base 15?
4
What is -1110 (base 2) in base 4?
-32
What is -2e (base 16) in base 14?
-34
Convert 0 (base 16) to base 2.
0
Convert 240 (base 5) to base 14.
50
Convert -23 (base 4) to base 13.
-b
13 (base 9) to base 6
20
Convert -3 (base 10) to base 14.
-3
What is 102 (base 3) in base 12?
b
15 (base 11) to base 13
13
6 (base 14) to base 10
6
0 (base 11) to base 13
0
What is 0 (base 12) in base 11?
0
9 (base 15) to base 16
9
Convert -40 (base 16) to base 8.
-100
80 (base 11) to base 13
6a
-66 (base 16) to base 11
-93
-1 (base 6) to base 16
-1
What is 1 (base 4) in base 7?
1
6c (base 13) to base 12
76
-9e (base 16) to base 9
-185
Convert -5 (base 6) to base 10.
-5
What is -10 (base 5) in base 9?
-5
Convert -11002 (base 3) to base 12.
-92
What is -351 (base 6) in base 12?
-b7
23 (base 10) to base 8
27
What is 2 (base 12) in base 5?
2
Convert -f (base 16) to base 8.
-17
1 (base 7) to base 14
1
-12 (base 3) to base 2
-101
What is 4 (base 11) in base 3?
11
-1c (base 16) to base 9
-31
What is 3 (base 12) in base 3?
10
What is 1 (base 16) in base 10?
1
Convert -27 (base 9) to base 2.
-11001
11 (base 2) to base 11
3
Convert 0 (base 15) to base 16.
0
Convert -4 (base 8) to base 14.
-4
0 (base 13) to base 2
0
Convert -3 (base 16) to base 14.
-3
-23 (base 7) to base 5
-32
Convert -3 (base 6) to base 16.
-3
What is -6 (base 8) in base 15?
-6
1 (base 14) to base 11
1
Convert 30 (base 10) to base 12.
26
Convert -3 (base 6) to base 12.
-3
1 (base 16) to base 9
1
-2 (base 16) to base 10
-2
What is 2001 (base 3) in base 6?
131
12121 (base 3) to base 11
128
What is -11 (base 9) in base 8?
-12
Convert 3 (base 11) to base 16.
3
What is -1 (base 8) in base 11?
-1
Convert -21 (base 16) to base 15.
-23
Convert 4 (base 11) to base 7.
4
11 (base 3) to base 13
4
11 (base 2) to base 14
3
-333 (base 8) to base 15
-e9
-10 (base 2) to base 10
-2
423 (base 6) to base 13
c3
Convert -1b (base 16) to base 5.
-102
Convert -3 (base 15) to base 2.
-11
Convert 14e (base 16) to base 7.
655
-2012 (base 3) to base 7
-113
-65 (base 10) to base 16
-41
1 (base 12) to base 10
1
-6 (base 10) to base 11
-6
What is -1 (base 7) in base 9?
-1
Convert 2 (base 12) to base 10.
2
3 (base 16) to base 10
3
Convert -11110100 (base 2) to base 13.
-15a
Convert -172 (base 8) to base 13.
-95
-11002 (base 3) to base 11
-a0
100 (base 2) to base 16
4
2c (base 15) to base 9
46
-24 (base 5) to base 8
-16
2030 (base 5) to base 14
14d
Convert -2211 (base 3) to base 15.
-51
What is 10 (base 12) in base 11?
11
-1 (base 13) to base 6
-1
Convert -161 